{"id":43,"date":"2022-03-19T17:19:52","date_gmt":"2022-03-19T17:19:52","guid":{"rendered":"https:\/\/tekstperfekt.dk.linux390.unoeuro-server.com\/?page_id=43"},"modified":"2022-04-07T08:30:56","modified_gmt":"2022-04-07T08:30:56","slug":"projektdetaljer","status":"publish","type":"page","link":"http:\/\/tekstperfekt.dk\/index.php\/projektdetaljer\/","title":{"rendered":"Produkter"},"content":{"rendered":"\n<div class=\"wp-block-cover alignfull\" style=\"min-height:320px;aspect-ratio:unset;\"><span aria-hidden=\"true\" class=\"has-nv-site-bg-background-color has-background-dim-100 wp-block-cover__gradient-background has-background-dim\"><\/span><div class=\"wp-block-cover__inner-container is-layout-flow wp-block-cover-is-layout-flow\">\n<div class=\"wp-block-group\"><div class=\"wp-block-group__inner-container is-layout-flow wp-block-group-is-layout-flow\">\n<div class=\"wp-block-columns is-layout-flex wp-container-core-columns-is-layout-2 wp-block-columns-is-layout-flex\">\n<div class=\"wp-block-column is-layout-flow wp-block-column-is-layout-flow\" style=\"flex-basis:100%\">\n<div class=\"wp-block-group\"><div class=\"wp-block-group__inner-container is-layout-flow wp-block-group-is-layout-flow\">\n<div class=\"wp-block-columns are-vertically-aligned-center is-layout-flex wp-container-core-columns-is-layout-1 wp-block-columns-is-layout-flex\">\n<div class=\"wp-block-column is-vertically-aligned-center is-layout-flow wp-block-column-is-layout-flow\" style=\"flex-basis:70%\">\n<h1 class=\"has-neve-link-hover-color-color has-text-color wp-block-heading\">Jeg tilbyder&#8230;<\/h1>\n\n\n\n<h2 class=\"has-text-align-left has-neve-text-color-color has-text-color wp-block-heading\">Korrekturl\u00e6sning<\/h2>\n\n\n\n<p class=\"has-neve-text-color-color has-text-color\" style=\"font-size:22px\">Korrekturl\u00e6sning p\u00e5 alt fra artikler, nyhedsbreve og online-indhold til rapporter, unders\u00f8gelser og andre st\u00f8rre udgivelser. Jeg l\u00e6ser som udgangspunkt korrektur i Word og sender retur i to dokumenter: \u00e9t med synlige rettelser og \u00e9t, hvor rettelserne er indf\u00f8rt direkte. Se <a href=\"https:\/\/tekstperfekt.dk\/index.php\/eksempel-pa-korrekturformat\/\">eksempel her<\/a>. Korrektur i andre formater kan ogs\u00e5 aftales til en god pris &#8211; <a href=\"mailto:ina@tekstperfekt.dk\">kontakt mig<\/a> for tilbud.<\/p>\n\n\n\n<p class=\"has-neve-text-color-color has-text-color\" style=\"font-size:22px\">Korrekturl\u00e6sningens grundsten er:<\/p>\n\n\n\n<ul class=\"has-neve-text-color-color has-text-color\"><li>Stavning<\/li><li>Tegns\u00e6tning<\/li><li>\u00d8vrig grammatik<\/li><\/ul>\n\n\n\n<p class=\"has-neve-text-color-color has-text-color\" style=\"font-size:22px\">Jeg retter deciderede fejl i tegns\u00e6tning, stavning og grammatik. Derudover laver jeg, hvis I \u00f8nsker det, ogs\u00e5 forslag til sproglige forbedringer. Disse afh\u00e6nger naturligvis af teksten og dens form\u00e5l, men eksempler kan v\u00e6re:<\/p>\n\n\n\n<ul class=\"has-neve-text-color-color has-text-color\"><li>Forslag til at undg\u00e5 gentagelser<\/li><li>Sk\u00e6rpelse af lange og kluntede s\u00e6tninger<\/li><\/ul>\n\n\n\n<p class=\"has-neve-text-color-color has-text-color\" style=\"font-size:22px\">Forslag til sproglige forbedringer inds\u00e6ttes som kommentarer i begge dokumenter. <\/p>\n\n\n\n<h2 class=\"has-neve-text-color-color has-text-color wp-block-heading\">Overs\u00e6ttelse<\/h2>\n\n\n\n<p class=\"has-neve-text-color-color has-text-color\" style=\"font-size:22px\">Dansk-engelsk og engelsk-dansk. <a href=\"mailto:ina@tekstperfekt.dk\">Kontakt mig<\/a> for tilbud.<\/p>\n\n\n\n<h2 class=\"has-neve-text-color-color has-text-color wp-block-heading\">Tekstredigering<\/h2>\n\n\n\n<p class=\"has-neve-text-color-color has-text-color\" style=\"font-size:22px\">Jeg tilbyder ogs\u00e5 mere dybdeg\u00e5ende redigering af tekster. <a href=\"mailto:ina@tekstperfekt.dk\">Kontakt mig<\/a> for n\u00e6rmere aftale.<\/p>\n\n\n\n<h2 class=\"has-neve-text-color-color has-text-color wp-block-heading\">Tekstforfatning<\/h2>\n\n\n\n<p class=\"has-neve-text-color-color has-text-color\" style=\"font-size:22px\">Mangler du en dygtig tekstforfatter? S\u00e5 st\u00e5r jeg ogs\u00e5 til r\u00e5dighed. <a href=\"mailto:ina@tekstperfekt.dk\">Kontakt mig<\/a> for at h\u00f8re mere.<\/p>\n<\/div>\n\n\n\n<div class=\"wp-block-column is-vertically-aligned-center is-layout-flow wp-block-column-is-layout-flow\" style=\"flex-basis:30%\"><\/div>\n<\/div>\n<\/div><\/div>\n<\/div>\n<\/div>\n<\/div><\/div>\n<\/div><\/div>\n","protected":false},"excerpt":{"rendered":"","protected":false},"author":1,"featured_media":0,"parent":0,"menu_order":0,"comment_status":"closed","ping_status":"closed","template":"","meta":{"neve_meta_sidebar":"","neve_meta_container":"","neve_meta_enable_content_width":"on","neve_meta_content_width":100,"neve_meta_title_alignment":"","neve_meta_author_avatar":"","neve_post_elements_order":"","neve_meta_disable_header":"","neve_meta_disable_footer":"","neve_meta_disable_title":"on","footnotes":""},"_links":{"self":[{"href":"http:\/\/tekstperfekt.dk\/index.php\/wp-json\/wp\/v2\/pages\/43"}],"collection":[{"href":"http:\/\/tekstperfekt.dk\/index.php\/wp-json\/wp\/v2\/pages"}],"about":[{"href":"http:\/\/tekstperfekt.dk\/index.php\/wp-json\/wp\/v2\/types\/page"}],"author":[{"embeddable":true,"href":"http:\/\/tekstperfekt.dk\/index.php\/wp-json\/wp\/v2\/users\/1"}],"replies":[{"embeddable":true,"href":"http:\/\/tekstperfekt.dk\/index.php\/wp-json\/wp\/v2\/comments?post=43"}],"version-history":[{"count":14,"href":"http:\/\/tekstperfekt.dk\/index.php\/wp-json\/wp\/v2\/pages\/43\/revisions"}],"predecessor-version":[{"id":157,"href":"http:\/\/tekstperfekt.dk\/index.php\/wp-json\/wp\/v2\/pages\/43\/revisions\/157"}],"wp:attachment":[{"href":"http:\/\/tekstperfekt.dk\/index.php\/wp-json\/wp\/v2\/media?parent=43"}],"curies":[{"name":"wp","href":"https:\/\/api.w.org\/{rel}","templated":true}]}}

<div class="wp-block-cover alignfull" style="min-height:320px;aspect-ratio:unset;"><span aria-hidden="true" class="has-nv-site-bg-background-color has-background-dim-100 wp-block-cover__gradient-background has-background-dim"></span><div class="wp-block-cover__inner-container is-layout-flow wp-block-cover-is-layout-flow">
<div class="wp-block-group"><div class="wp-block-group__inner-container is-layout-flow wp-block-group-is-layout-flow">
<div class="wp-block-columns is-layout-flex wp-container-core-columns-is-layout-2 wp-block-columns-is-layout-flex">
<div class="wp-block-column is-layout-flow wp-block-column-is-layout-flow" style="flex-basis:100%">
<div class="wp-block-group"><div class="wp-block-group__inner-container is-layout-flow wp-block-group-is-layout-flow">
<div class="wp-block-columns are-vertically-aligned-center is-layout-flex wp-container-core-columns-is-layout-1 wp-block-columns-is-layout-flex">
<div class="wp-block-column is-vertically-aligned-center is-layout-flow wp-block-column-is-layout-flow" style="flex-basis:70%">
<h1 class="has-neve-link-hover-color-color has-text-color wp-block-heading">Jeg tilbyder&#8230;</h1>



<h2 class="has-text-align-left has-neve-text-color-color has-text-color wp-block-heading">Korrekturlæsning</h2>



<p class="has-neve-text-color-color has-text-color" style="font-size:22px">Korrekturlæsning på alt fra artikler, nyhedsbreve og online-indhold til rapporter, undersøgelser og andre større udgivelser. Jeg læser som udgangspunkt korrektur i Word og sender retur i to dokumenter: ét med synlige rettelser og ét, hvor rettelserne er indført direkte. Se <a href="https://tekstperfekt.dk/index.php/eksempel-pa-korrekturformat/">eksempel her</a>. Korrektur i andre formater kan også aftales til en god pris &#8211; <a href="mailto:ina@tekstperfekt.dk">kontakt mig</a> for tilbud.</p>



<p class="has-neve-text-color-color has-text-color" style="font-size:22px">Korrekturlæsningens grundsten er:</p>



<ul class="has-neve-text-color-color has-text-color"><li>Stavning</li><li>Tegnsætning</li><li>Øvrig grammatik</li></ul>



<p class="has-neve-text-color-color has-text-color" style="font-size:22px">Jeg retter deciderede fejl i tegnsætning, stavning og grammatik. Derudover laver jeg, hvis I ønsker det, også forslag til sproglige forbedringer. Disse afhænger naturligvis af teksten og dens formål, men eksempler kan være:</p>



<ul class="has-neve-text-color-color has-text-color"><li>Forslag til at undgå gentagelser</li><li>Skærpelse af lange og kluntede sætninger</li></ul>



<p class="has-neve-text-color-color has-text-color" style="font-size:22px">Forslag til sproglige forbedringer indsættes som kommentarer i begge dokumenter. </p>



<h2 class="has-neve-text-color-color has-text-color wp-block-heading">Oversættelse</h2>



<p class="has-neve-text-color-color has-text-color" style="font-size:22px">Dansk-engelsk og engelsk-dansk. <a href="mailto:ina@tekstperfekt.dk">Kontakt mig</a> for tilbud.</p>



<h2 class="has-neve-text-color-color has-text-color wp-block-heading">Tekstredigering</h2>



<p class="has-neve-text-color-color has-text-color" style="font-size:22px">Jeg tilbyder også mere dybdegående redigering af tekster. <a href="mailto:ina@tekstperfekt.dk">Kontakt mig</a> for nærmere aftale.</p>



<h2 class="has-neve-text-color-color has-text-color wp-block-heading">Tekstforfatning</h2>



<p class="has-neve-text-color-color has-text-color" style="font-size:22px">Mangler du en dygtig tekstforfatter? Så står jeg også til rådighed. <a href="mailto:ina@tekstperfekt.dk">Kontakt mig</a> for at høre mere.</p>
</div>



<div class="wp-block-column is-vertically-aligned-center is-layout-flow wp-block-column-is-layout-flow" style="flex-basis:30%"></div>
</div>
</div></div>
</div>
</div>
</div></div>
</div></div>
