{"id":2,"date":"2022-03-19T15:18:03","date_gmt":"2022-03-19T15:18:03","guid":{"rendered":"https:\/\/tekstperfekt.dk.linux390.unoeuro-server.com\/?page_id=2"},"modified":"2022-04-18T07:39:46","modified_gmt":"2022-04-18T07:39:46","slug":"kontakt","status":"publish","type":"page","link":"http:\/\/tekstperfekt.dk\/index.php\/kontakt\/","title":{"rendered":"Kontakt"},"content":{"rendered":"\n<p><\/p>\n\n\n\n<h2 class=\"has-neve-link-hover-color-color has-text-color has-x-large-font-size wp-block-heading\"><mark style=\"background-color:rgba(0, 0, 0, 0)\" class=\"has-inline-color has-neve-link-hover-color-color\">Skriv <\/mark><mark style=\"background-color:rgba(0, 0, 0, 0)\" class=\"has-inline-color has-neve-text-color-color\">til mig:<\/mark> <\/h2>\n\n\n\n<h2 class=\"has-large-font-size wp-block-heading\" style=\"font-style:normal;font-weight:500\"><mark style=\"background-color:rgba(0, 0, 0, 0);color:#4a4141\" class=\"has-inline-color\"><a href=\"mailto:ina@tekstperfekt.dk\">ina<\/a><\/mark><mark style=\"background-color:rgba(0, 0, 0, 0)\" class=\"has-inline-color has-neve-link-hover-color-color\"><a href=\"mailto:ina@tekstperfekt.dk\">@<\/a><\/mark><mark style=\"background-color:rgba(0, 0, 0, 0)\" class=\"has-inline-color has-neve-link-color-color\"><a href=\"mailto:ina@tekstperfekt.dk\">tekstperfekt<\/a><\/mark><mark style=\"background-color:rgba(0, 0, 0, 0);color:#4a4141\" class=\"has-inline-color\"><a href=\"mailto:ina@tekstperfekt.dk\">.dk<\/a><\/mark><\/h2>\n\n\n\n<h2 class=\"has-x-large-font-size wp-block-heading\" style=\"font-style:normal;font-weight:500\"><mark style=\"background-color:rgba(0, 0, 0, 0);color:#4a4141\" class=\"has-inline-color\">+45 28299730<\/mark><\/h2>\n\n\n\n<div style=\"height:100px\" aria-hidden=\"true\" class=\"wp-block-spacer\"><\/div>\n\n\n\n<div class=\"wp-block-columns is-layout-flex wp-container-core-columns-is-layout-1 wp-block-columns-is-layout-flex\">\n<div class=\"wp-block-column is-layout-flow wp-block-column-is-layout-flow\" style=\"flex-basis:25%\">\n<figure class=\"wp-block-image is-resized\"><img loading=\"lazy\" decoding=\"async\" src=\"https:\/\/tekstperfekt.dk.linux390.unoeuro-server.com\/wp-content\/uploads\/2022\/03\/ina-edited-scaled.jpg\" alt=\"\" class=\"wp-image-84\" width=\"213\" height=\"283\" srcset=\"http:\/\/tekstperfekt.dk\/wp-content\/uploads\/2022\/03\/ina-edited-scaled.jpg 1917w, http:\/\/tekstperfekt.dk\/wp-content\/uploads\/2022\/03\/ina-edited-225x300.jpg 225w, http:\/\/tekstperfekt.dk\/wp-content\/uploads\/2022\/03\/ina-edited-767x1024.jpg 767w, http:\/\/tekstperfekt.dk\/wp-content\/uploads\/2022\/03\/ina-edited-1150x1536.jpg 1150w, http:\/\/tekstperfekt.dk\/wp-content\/uploads\/2022\/03\/ina-edited-1534x2048.jpg 1534w\" sizes=\"(max-width: 213px) 100vw, 213px\" \/><\/figure>\n\n\n\n<p><\/p>\n<\/div>\n\n\n\n<div class=\"wp-block-column is-layout-flow wp-block-column-is-layout-flow\" style=\"flex-basis:50%\">\n<p><\/p>\n\n\n\n<p style=\"font-size:16px\"><strong>Ina Nyrup Clausen,<\/strong> BA i litteraturvidenskab, K\u00f8benhavns Universitet og cand. scient. i milj\u00f8- og b\u00e6redygtighedsstudier, Lunds Universitet<\/p>\n\n\n\n<p style=\"font-size:15px\">Jeg er et af de mennesker, der retter kommafejl i s\u00f8vne og aldrig misser et nutids-r. Med min baggrund i litteraturvidenskab har jeg god forst\u00e5else for tekster og sprog. Jeg er let at samarbejde med, og du kan trygt overlade din tekst til mig. <\/p>\n\n\n\n<p><\/p>\n<\/div>\n\n\n\n<div class=\"wp-block-column is-layout-flow wp-block-column-is-layout-flow\" style=\"flex-basis:25%\"><\/div>\n<\/div>\n","protected":false},"excerpt":{"rendered":"<p>Skriv til mig: ina@tekstperfekt.dk +45 28299730<\/p>\n","protected":false},"author":1,"featured_media":0,"parent":0,"menu_order":0,"comment_status":"closed","ping_status":"closed","template":"","meta":{"neve_meta_sidebar":"","neve_meta_container":"","neve_meta_enable_content_width":"","neve_meta_content_width":0,"neve_meta_title_alignment":"","neve_meta_author_avatar":"","neve_post_elements_order":"","neve_meta_disable_header":"","neve_meta_disable_footer":"","neve_meta_disable_title":"on","footnotes":""},"_links":{"self":[{"href":"http:\/\/tekstperfekt.dk\/index.php\/wp-json\/wp\/v2\/pages\/2"}],"collection":[{"href":"http:\/\/tekstperfekt.dk\/index.php\/wp-json\/wp\/v2\/pages"}],"about":[{"href":"http:\/\/tekstperfekt.dk\/index.php\/wp-json\/wp\/v2\/types\/page"}],"author":[{"embeddable":true,"href":"http:\/\/tekstperfekt.dk\/index.php\/wp-json\/wp\/v2\/users\/1"}],"replies":[{"embeddable":true,"href":"http:\/\/tekstperfekt.dk\/index.php\/wp-json\/wp\/v2\/comments?post=2"}],"version-history":[{"count":12,"href":"http:\/\/tekstperfekt.dk\/index.php\/wp-json\/wp\/v2\/pages\/2\/revisions"}],"predecessor-version":[{"id":142,"href":"http:\/\/tekstperfekt.dk\/index.php\/wp-json\/wp\/v2\/pages\/2\/revisions\/142"}],"wp:attachment":[{"href":"http:\/\/tekstperfekt.dk\/index.php\/wp-json\/wp\/v2\/media?parent=2"}],"curies":[{"name":"wp","href":"https:\/\/api.w.org\/{rel}","templated":true}]}}